2
In base 13, what is 7b1 + 66?
847
In base 7, what is -156 + 3052140?
3051651
In base 12, what is 3 + 39ba858?
39ba85b
In base 7, what is -4 - -1505324452?
1505324445
In base 4, what is 103320 + -3102?
100212
In base 3, what is -10102020010111112 + 1?
-10102020010111111
In base 16, what is 2 - -1fc7f35?
1fc7f37
In base 16, what is 568a5 - 716?
5618f
In base 10, what is -111 - -44360?
44249
In base 6, what is -2 + 5113405340?
5113405334
In base 14, what is -aad + -91122?
-91bd1
In base 9, what is 82 - 56331?
-56238
In base 14, what is 6 + -8409b?
-84095
In base 5, what is 13333 + 211112?
230000
In base 7, what is -345363 - -10414?
-334646
In base 13, what is -6 - -149812?
149809
In base 9, what is -426053801 + -5?
-426053806
In base 8, what is 0 - -127113735?
127113735
In base 4, what is 103230002113123 + 0?
103230002113123
In base 14, what is 2c659 + -1a9?
2c490
In base 12, what is 196 - -b591?
b767
In base 6, what is 4 + -122321000?
-122320552
In base 8, what is -1 - 3643700?
-3643701
In base 8, what is -514017253 + -5?
-514017260
In base 8, what is 3552 + -44267?
-40515
In base 15, what is -e9a9 + 40?
-e969
In base 13, what is -a0a45 + 4a8?
-a056a
In base 11, what is -10574 + 618?
-aa57
In base 3, what is -2211 - -11010121111011?
11010121101100
In base 14, what is -89511 - -c?
-89503
In base 11, what is 28a - 10120?
-a941
In base 5, what is 122104010422 - 2?
122104010420
In base 8, what is 1763343 + 156?
1763521
In base 9, what is -25 + -2427878?
-2428014
In base 5, what is -142 + -3314343?
-3320040
In base 7, what is -3 + 2035326253?
2035326250
In base 11, what is -1a2aa6 - -68?
-1a2a39
In base 9, what is -856641537 - -2?
-856641535
In base 13, what is -5c67 + 685?
-55b2
In base 16, what is -21 - 1d374?
-1d395
In base 12, what is 7 - -1458423?
145842a
In base 13, what is 0 + -21cb8677?
-21cb8677
In base 2, what is 10110111110010001110101101 - -100?
10110111110010001110110001
In base 5, what is 102 - 10321003?
-10320401
In base 15, what is b70 - -9?
b79
In base 10, what is -72 + 14980?
14908
In base 11, what is 662 - -652a5?
65957
In base 11, what is -72 + 93041?
92a7a
In base 4, what is 1 + 22123113211?
22123113212
In base 8, what is 6245 - 32526?
-24261
In base 7, what is 15 + -1312433430?
-1312433412
In base 13, what is -2c09 - -25b1?
-628
In base 5, what is -10 - 103344222240?
-103344222300
In base 2, what is 11001 + 1110000010110000001111000?
1110000010110000010010001
In base 16, what is -10 + -5d135d?
-5d136d
In base 8, what is 10004 + -50761?
-40755
In base 12, what is 733 + -99a8?
-9275
In base 7, what is -1034224220 - 4?
-1034224224
In base 15, what is a + -72b336?
-72b32b
In base 4, what is -3 + 12131100223?
12131100220
In base 3, what is -112200 - -1110010022110?
1110002202210
In base 3, what is -12010122 - 2122200121?
-2211211020
In base 13, what is -21 - -126857?
126836
In base 10, what is 15773 - 7728?
8045
In base 2, what is 101111 - -1000001010100111?
1000001011010110
In base 3, what is 212101 + -22110212111?
-22110000010
In base 6, what is -13203203 - -1433?
-13201330
In base 9, what is 70762002 - -4?
70762006
In base 4, what is -10 + -2333121030022?
-2333121030032
In base 12, what is -56 + -326a251?
-326a2a7
In base 5, what is 433344444 - 10?
433344434
In base 16, what is -129e29b - 0?
-129e29b
In base 12, what is 19693917 + 0?
19693917
In base 3, what is -20 + 1111100212?
1111100122
In base 13, what is -209a + 71ca?
5130
In base 9, what is 64116 - 71?
64035
In base 12, what is -16000 - 533?
-16533
In base 7, what is -26433156616 + 3?
-26433156613
In base 6, what is 43 + 22410035?
22410122
In base 8, what is 170005411 + 2?
170005413
In base 13, what is -1bc319 - -3?
-1bc316
In base 2, what is 1101100100111100110110111 + -10001?
1101100100111100110100110
In base 15, what is -51187 - -a6?
-510d1
In base 10, what is 95776312 + 4?
95776316
In base 5, what is 10 - -3214340113?
3214340123
In base 14, what is 40341 + 16?
40357
In base 5, what is 1030311 - -11010?
1041321
In base 13, what is 26a040 + -3?
26a03a
In base 12, what is 4958467 - -1b?
4958486
In base 15, what is -165b4 - -22?
-16592
In base 3, what is -10 + -22012021010010202?
-22012021010010212
In base 6, what is -4240442 + -152?
-4241034
In base 7, what is -352131635 + -46?
-352132014
In base 8, what is -16316 + 30523?
12205
In base 8, what is 161510333 + -4?
161510327
In base 10, what is 5 + 43166959?
43166964
In base 12, what is -5 - 19b43116?
-19b4311b
In base 13, what is -8 + -65bc69?
-65bc74
In base 16, what is -2580d + a8?
-25765
In base 10, what is -962514 + -438?
-962952
In base 5, what is -30320300222 - 10?
-30320300232
In base 3, what is -10121220110022 - 211112?
-10121221021211
In base 16, what is 183f0c5 - -4?
183f0c9
In base 14, what is -19 + 686c6?
686ab
In base 15, what is -1 - 55e294?
-55e295
In base 14, what is -3dbb5d - 5?
-3dbb64
In base 6, what is 11012 - 3152?
3420
In base 13, what is -217 - -51985?
5176b
In base 7, what is -12021 - 10534?
-22555
In base 6, what is 313 - -130012322?
130013035
In base 10, what is -7 - 2277840?
-2277847
In base 15, what is -198ce3 + -87?
-198d7a
In base 2, what is -1101100110000110001010 + 1?
-1101100110000110001001
In base 16, what is -1be6ff1 + 1?
-1be6ff0
In base 7, what is 12542305 + 26?
12542334
In base 15, what is 48 + 84605e?
8460a7
In base 9, what is 670335 - -3345?
673681
In base 8, what is 37755 + 517?
40474
In base 14, what is -3561 - -1d1?
-3370
In base 5, what is 11 - 104433030?
-104433014
In base 7, what is 3 - 21446304?
-21446301
In base 15, what is -2b + -605810?
-60583b
In base 10, what is 24 - 12962?
-12938
In base 4, what is 1101330 + 12310033?
20012023
In base 7, what is 1001 - -421004?
422005
In base 8, what is 230410 - 23327?
205061
In base 9, what is -262330 - -131?
-262188
In base 6, what is -1302125 + 2131?
-1255554
In base 5, what is -1142340 - 1210?
-1144100
In base 13, what is -3767493 - 0?
-3767493
In base 14, what is -30b4ad - 77?
-30b546
In base 3, what is 1202001210021 + 2?
1202001210100
In base 13, what is 6 - 1b23c1?
-1b23b8
In base 14, what is -11ba - 7121?
-82db
In base 9, what is 10241417 - -30?
10241447
In base 12, what is 6b846 + 22?
6b868
In base 9, what is -4 + 223340?
223335
In base 5, what is -241112 - -11111?
-230001
In base 8, what is -347567213 + -3?
-347567216
In base 13, what is -8797 + 296?
-8501
In base 14, what is 8d419 + -b?
8d40c
In base 7, what is 132 - 146355644?
-146355512
In base 7, what is -5500406 + 23?
-5500353
In base 14, what is -335 - -4bd0?
4899
In base 4, what is 11022112 - -11002?
11033120
In base 2, what is 1010110011000111000110 + 10111111?
1010110011001010000101
In base 10, what is -2389 + 26199?
23810
In base 3, what is -1110 - 1010101102012?
-1010101110122
In base 2, what is 1010000001100000101100011001 - 100?
1010000001100000101100010101
In base 5, what is -30034 + 12423320?
12343231
In base 14, what is -385 - -93d8?
9053
In base 7, what is -352132 + 25?
-352104
In base 11, what is -6963 - 10a?
-6a72
In base 14, what is 63 + -5b07?
-5a84
In base 5, what is 1312041410 - 14?
1312041341
In base 12, what is -8496818 - -3?
-8496815
In base 7, what is 422161633 - -5?
422161641
In base 6, what is -341452120 - -213?
-341451503
In base 13, what is -1 - 5237161?
-5237162
In base 4, what is -311021102231 + 2?
-311021102223
In base 7, what is 406050 - -2112?
411162
In base 15, what is -35bb + 3d2?
-31d9
In base 7, what is -2066 - -332145?
330046
In base 10, what is -1164182 - -37?
-1164145
In base 4, what is 110033 + -2220301?
-2110202
In base 13, what is 18b + -59653?
-59495
In base 2, what is 101 + 1001100001000111001111?
1001100001000111010100
In base 11, what is -50 + -23864?
-23904
In base 8, what is 1470372 - -333?
1470725
In base 2, what is 100 + 10010011000111110001?
10010011000111110101
In base 15, what is 104 - -7d28?
7e2c
In base 6, what is 5 + -10315243135?
-10315243130
In base 3, what is -211000011 - -2002120?
-201220121
In base 5, what is -1434 + -1240234?
-1242223
In base 3, what is 10 - 12101?
-12021
In base 13, what is -4789c + -24a?
-47b19
In base 11, what is -2 + 2792a82?
2792a80
In base 14, what is 31 + -766ca?
-76699
In base 13, what is -11 + 115ab7?
115aa6
In base 8, what is 7 - -21714147?
21714156
In base 7, what is 54221 + 5265?